 be y(2). Let s = 94 - 65. Let n = s + f. What is the tens digit of n?
2
Suppose -78698 = 1535*a - 1554*a. What is the tens digit of a?
4
Suppose 2*a = -4*h + 1210, 960 = 4*h + a - 249. What is the tens digit of h?
0
Suppose 2*k = -3*k + 300. Let r = k + -24. What is the units digit of r?
6
Let f(c) = c**3 + 6*c**2 - 9*c + 37. What is the units digit of f(13)?
1
Let v be (-27)/(-63) - 87/7. What is the units digit of (v/3)/(2/(-12))?
4
Suppose -v + 951 = 2*v + 3*p, 4*v + p = 1277. Suppose 0 = 5*f + 25, 0 = 5*j - 5*f - 325 - v. What is the hundreds digit of j?
1
What is the units digit of (-373578)/(-113) - (1 - 0)?
5
Let d(v) = -v**2 - 4*v + 3. Let h be d(-5). Let p be h - 0*3/12. What is the units digit of (1 + p)/(10/(-60))?
6
Suppose 4141 = 40*i - 7859. What is the units digit of i?
0
Suppose 15 = 2*l + l. Suppose v + 25 = -3*v + l*o, 5*v + 2*o - 10 = 0. Suppose v = j + 4*w - 4, 3*w - 5*w = -5*j + 64. What is the tens digit of j?
1
Suppose -p + 3*i = -10, -3*p + 6*p - 4*i - 10 = 0. Let j(m) = 19*m**2 + 3*m + 3. What is the units digit of j(p)?
3
Let c(x) = -5 - 37 + 7*x + 12*x + 2. What is the tens digit of c(5)?
5
Let v(w) be the second derivative of -11*w**3/6 - 9*w**2/2 + 4*w. Let l = 3 - 7. What is the tens digit of v(l)?
3
Let k = -246 - -826. What is the tens digit of k?
8
Suppose 2*f + 5*v - 17 = 0, 0 - 3 = -f + 3*v. Let y(l) = -15*l + 31. Let b(a) = -a + 1. Let x(p) = f*b(p) - y(p). What is the tens digit of x(10)?
6
Let p = 70 + -16. Suppose 4*z - 138 = -3*a, 3*a + 4*z - p = 2*a. What is the tens digit of a?
4
Suppose 4*b + 2*z = 4*z + 26, -2*b - 2*z = 2. Suppose 5*i = 2*d + 3, -b*i - 5*d + 6 = -3*i. What is the units digit of i?
1
Let u(p) = p**3 - 2*p + 6*p**2 - 5*p - 3*p - 4 + 2*p. Let y be u(-7). Suppose 2*q - 57 = -j, -q + 5*j + 16 = y*j. What is the units digit of q?
6
Let s be ((-2 - -4) + 57)/(1/(-1)). Let q = -7 - s. What is the units digit of q?
2
Let x = -469 - -823. Suppose -53*i - x = -55*i. What is the tens digit of i?
7
Let s(y) be the first derivative of 3/2*y**4 - y - 3 - 2/3*y**3 + y**2. What is the units digit of s(1)?
5
Suppose -3*d + 4*d = 0. Suppose d = v - 109 - 21. Suppose l = 4*b - v, 3*b + 0*b - 103 = -2*l. What is the units digit of b?
3
Suppose 10*n = 2739 - 369. What is the hundreds digit of n?
2
Let b be 24/(-60) - 204/(-10). Let s be -9 - (-5)/(b/(-8)). Let f(y) = y**2 + y - 26. What is the units digit of f(s)?
4
Suppose 6*s + 1615 = -689. What is the units digit of s/(-10) - 24/60?
8
Let u = -13 - -17. Suppose 5 + 0 = -4*h - s, -s = -u*h + 5. Suppose 4*d - 5*p - 102 + 15 = h, -5*p = -5*d + 105. What is the tens digit of d?
1
Let i(z) = -44*z**3 + 5*z**2 + 4*z + 3. What is the hundreds digit of i(-3)?
2
Let j(b) = 2*b**2 - 4*b + 8. Let x be j(4). What is the tens digit of 3/18 - (-500)/x?
2
Let v(f) = 2*f**2 - 6*f + 7. Suppose -t + 3 + 3 = 0. What is the tens digit of v(t)?
4
Let c = -781 + 1086. What is the tens digit of c?
0
Suppose -152*s = -156*s - 5*b + 11448, s - 2862 = 3*b. What is the tens digit of s?
6
Let c(l) = 27*l + 202. What is the hundreds digit of c(7)?
3
Let o = 397 + -118. What is the units digit of o?
9
Let x = 17 - 4. Suppose 0 = 8*c - x*c + 135. What is the units digit of 141/c - (-4)/(-18)?
5
Let t = 231 - 79. Let d = t - 59. Let g = d - 52. What is the tens digit of g?
4
Suppose 2*s = -4*a - 573 - 131, a = 5*s - 154. What is the units digit of (1 - 6)*a/15?
8
Suppose -1 = 3*x - 2*y - 6, -3*y + 15 = 3*x. Suppose p - 2*f - 262 = -7*f, -x*p - f = -772. What is the tens digit of p?
5
Let f(c) = -c**2 + 0 + 4 - 13*c + 5*c. Suppose 0*a - 4*a = -z + 16, 0 = -3*z + 5*a + 13. What is the tens digit of f(z)?
2
Suppose 636 = 4*x + 4*f, 4*x - 2*f = -x + 767. Suppose 4*n - x = 645. What is the hundreds digit of n?
2
Let w be 3/(-21) + (-87)/(-21) - -1. Suppose t - 2*t + 25 = 0. Suppose -w*r - 10 + t = 0. What is the units digit of r?
3
Let f(h) = -h**2 - 17*h - 17. Let q be f(-15). Suppose 0 = 3*r + 5*l - 47, -r - l + q = -0*l. What is the units digit of r?
9
Let l(y) = 109*y**2 - y - 1. What is the hundreds digit of l(-4)?
7
Suppose 10 = -2*s - 2. Let x be ((-2)/s)/(3/18). Suppose -x*r - 3*r + 185 = 0. What is the units digit of r?
7
Let n(t) = 51*t - 1. Let f be n(-1). Let q = f + 88. What is the units digit of -4*6/(-8) + q?
9
Let v = -2896 + 7515. What is the hundreds digit of v?
6
Let m = 1829 - 907. What is the hundreds digit of m?
9
Let x(u) = 2*u + 20. Let l be (5 - 4) + 3 + -14. Let z be x(l). Suppose z = -3*o - o + 220. What is the tens digit of o?
5
Let x(w) be the second derivative of w**2 + 4*w + 0 + 7/6*w**3. What is the units digit of x(5)?
7
Suppose -3*g + 6*g + 306 = 0. Let a = g + 157. What is the tens digit of a?
5
Let u(l) = 5*l**3 - 6*l**2 + 2*l + 47. What is the units digit of u(9)?
4
Suppose 11*g - 8311 + 2008 = 0. What is the tens digit of g?
7
Let l = -50 - -94. Suppose 288 = 4*k + 4*s + l, k + 2*s = 61. What is the units digit of k?
1
What is the tens digit of 6696/(-60)*(-80)/12?
4
What is the hundreds digit of (-906)/(-8) - 41/164?
1
Let l = -1318 - -1324. Let k(h) = -11 + 9*h + 2 - 4*h**2 + 3*h**2. What is the units digit of k(l)?
9
Suppose 0 = 16*a - 9 - 39. Suppose -5*l - 6*w + 1255 = -a*w, w + 739 = 3*l. What is the tens digit of l?
4
Let n = 24 + -18. Suppose k + 3*k - 16 = 0. Suppose 0 = k*m - 58 + n. What is the units digit of m?
3
Suppose 18*o - 8*o - 1420 = 0. What is the units digit of o?
2
What is the hundreds digit of -5*(-3 - (-1118)/(-10))?
5
Let k(d) = -408*d - 15. What is the hundreds digit of k(-8)?
2
Suppose 0 = -20*h + 29011 + 36389. What is the units digit of h?
0
Suppose -17*l + 20*l = 336. Let h = l + -49. What is the tens digit of h?
6
Suppose 5*r = -d - 3*d + 13, 2*d - 2*r = 2. Suppose -4*n - q + 40 = 0, -d*q + 31 = 3*n - q. What is the units digit of n?
9
Suppose r + 1181 = t, -5*t + 5940 = r + r. What is the hundreds digit of t?
1
Let s(r) = -r**2 + 30*r - 59. Let i be s(26). Suppose i*m = 43*m + 680. What is the tens digit of m?
4
What is the tens digit of (888/(-16))/(12/(-8))?
3
Let k = -165 - -167. Let r(x) = x**3 - x**2 + x + 30. Let i be r(0). Suppose q + t = 17, -k*q + 2*t + i = -0*q. What is the tens digit of q?
1
Let t(g) = 41*g**2 + 10*g - 23. What is the tens digit of t(4)?
7
What is the thousands digit of 66/4*(-8220)/(-90)?
1
Let c(q) = -q + 13 - q**2 + 25*q - 2*q. What is the units digit of c(17)?
8
Suppose 5 = 2*r - 11. Let b(n) be the second derivative of n**3 - 11*n**2/2 - 39*n. What is the units digit of b(r)?
7
Let q be (-1 - -26) + (-1)/1. Let y = 907 - 904. Suppose -2*w - 4*o + q = y*w, w + 3*o - 7 = 0. What is the units digit of w?
4
Let h(j) be the third derivative of 0*j - 2*j**2 - 1/4*j**4 + 0 + 0*j**3. What is the units digit of h(-2)?
2
Let u be 19 - (0 + -2 - -3). Suppose 2*c = 3*o + u - 67, o - 5*c - 38 = 0. Let k = o - 5. What is the units digit of k?
8
What is the units digit of 1 + 3 - (2 - (-9 + 64))?
7
What is the hundreds digit of 25950/38 - (-4)/38?
6
Suppose t - 227 = -5*d, 2*d + t - 78 = 11. Suppose -d*v - 82 = -48*v. What is the tens digit of v?
4
Let y(a) = a**3 - 14*a**2 - 5*a - 34. Let j(p) = -p**3 + 13*p**2 + 6*p + 33. Let u(z) = -4*j(z) - 5*y(z). What is the tens digit of u(18)?
5
Let k(b) = 4*b - 20. Let u(i) = -5*i - 6. Let d be u(-7). What is the tens digit of k(d)?
9
Let w(k) = 17*k + 7*k**2 - 15*k + k**3 + 2 - 3. Let t = -6 - -3. What is the units digit of w(t)?
9
Let s(x) = 7*x - 14. Suppose 4*y = -3*n - 0*n + 26, -2*n - y + 14 = 0. What is the units digit of s(n)?
8
Let v(p) = 13 - 188*p - 8*p**2 + 196*p - 5*p**3 + 3*p**3. What is the units digit of v(-6)?
9
Suppose -789 - 5001 = -10*m. What is the hundreds digit of m?
5
Suppose 640 = 2*m - 2*z - 260, -2*z = -6. What is the tens digit of m?
5
Let l(r) = 2968*r**2 + 6*r + 3. What is the tens digit of l(-1)?
6
Let a be 2/(-3) - (-2)/3. Suppose a*t + 2*t - 50 = 0. Suppose -5*x + t = -120. What is the tens digit of x?
2
Suppose -5*d = 2*f - 1295 - 1337, -5*f + 6565 = 5*d. What is the tens digit of f?
1
Let a(p) = 17*p + 283. Let y be a(-18). Let f be (-4)/18 + 457/(-9). Let n = y - f. What is the units digit of n?
8
Let c be (-22)/(9/(-12)*(-4)/(-6)). Suppose 5*t - n - 144 = 0, 4*t + 3*n - 75 = c. What is the tens digit of t?
2
Let s be 